isor of 99 and 169380?
9
What is the highest common factor of 8308 and 133114?
62
Calculate the highest common factor of 912 and 3439.
19
What is the highest common divisor of 1105 and 14569?
17
Calculate the highest common divisor of 1813 and 487956.
259
Calculate the greatest common divisor of 8536 and 22.
22
Calculate the highest common divisor of 50 and 548950.
50
Calculate the greatest common factor of 72280 and 1300.
260
Calculate the highest common factor of 361 and 3814687.
361
Calculate the greatest common divisor of 1870510 and 170.
170
What is the greatest common factor of 69819 and 102?
51
What is the greatest common factor of 88257 and 1053?
39
Calculate the highest common factor of 60 and 4716.
12
Calculate the highest common divisor of 78207 and 1965.
393
Calculate the highest common divisor of 4884 and 66.
66
What is the highest common divisor of 22500 and 175?
25
Calculate the highest common factor of 28 and 139372.
4
What is the greatest common divisor of 96502 and 28?
14
What is the highest common factor of 72 and 22336?
8
Calculate the highest common divisor of 12 and 1540704.
12
What is the greatest common factor of 25660 and 260?
20
What is the greatest common factor of 35 and 158655?
35
What is the highest common factor of 502177 and 13?
13
What is the greatest common divisor of 448 and 640?
64
Calculate the greatest common factor of 1984 and 356.
4
What is the highest common factor of 660 and 14740?
220
Calculate the highest common divisor of 294 and 35574.
294
Calculate the greatest common factor of 1769 and 12688.
61
Calculate the highest common factor of 564 and 26931.
141
What is the highest common divisor of 33156 and 15282?
54
Calculate the highest common divisor of 289382 and 2056.
514
Calculate the greatest common divisor of 40670 and 4150.
830
What is the greatest common divisor of 24068 and 748?
44
What is the greatest common factor of 158112 and 7452?
324
Calculate the greatest common divisor of 3204 and 39783.
267
Calculate the greatest common factor of 8 and 38384.
8
What is the greatest common divisor of 122 and 794?
2
Calculate the greatest common factor of 27 and 56187.
27
Calculate the greatest common divisor of 57170 and 4.
2
Calculate the highest common factor of 138 and 4278.
138
What is the greatest common divisor of 95900 and 14000?
700
What is the greatest common factor of 191 and 3070516?
191
Calculate the highest common factor of 112 and 42.
14
What is the greatest common factor of 8785 and 105?
35
Calculate the greatest common divisor of 14 and 102319.
7
What is the greatest common factor of 60344 and 76621?
397
Calculate the highest common divisor of 8200 and 3608.
328
What is the greatest common divisor of 109414 and 43130?
454
What is the highest common factor of 54686 and 74?
74
Calculate the highest common divisor of 458920 and 44.
44
What is the greatest common factor of 3832 and 85741?
479
What is the greatest common factor of 40 and 1063780?
20
Calculate the greatest common divisor of 16 and 567664.
16
What is the highest common divisor of 5600 and 3304?
56
Calculate the highest common divisor of 7726 and 294.
2
Calculate the greatest common factor of 203 and 5383.
7
What is the greatest common divisor of 72 and 487350?
18
What is the greatest common divisor of 470 and 1222?
94
What is the highest common divisor of 1287 and 945087?
429
What is the highest common divisor of 916 and 35953?
229
What is the greatest common divisor of 136 and 21944?
8
Calculate the highest common divisor of 164 and 2386036.
164
Calculate the greatest common factor of 560130 and 30.
30
Calculate the greatest common factor of 865 and 13667.
173
What is the greatest common divisor of 5 and 3197?
1
What is the highest common factor of 3305 and 139471?
661
What is the highest common divisor of 105 and 12040?
35
Calculate the greatest common divisor of 4 and 7841164.
4
What is the greatest common divisor of 8 and 10912?
8
Calculate the highest common divisor of 3186 and 10679.
59
Calculate the highest common factor of 119 and 8561.
7
What is the greatest common factor of 17922315 and 15?
15
Calculate the greatest common factor of 31040 and 76630.
970
Calculate the greatest common factor of 558 and 1800.
18
What is the greatest common divisor of 6 and 2634?
6
Calculate the highest common divisor of 9843 and 6528.
51
Calculate the greatest common divisor of 3160 and 1520.
40
What is the greatest common divisor of 47500 and 684?
76
What is the greatest common factor of 150 and 1410?
30
What is the highest common divisor of 369666 and 72?
18
What is the greatest common factor of 588 and 882?
294
Calculate the highest common divisor of 28906 and 1164.
194
What is the greatest common divisor of 11867312 and 43?
43
What is the highest common divisor of 938 and 1915664?
134
What is the greatest common factor of 79541 and 231?
77
What is the greatest common factor of 1170 and 8905?
65
What is the greatest common factor of 54792 and 1128?
24
Calculate the greatest common factor of 75295 and 814.
407
Calculate the greatest common divisor of 978903 and 6003.
207
Calculate the greatest common divisor of 7093 and 17300.
173
Calculate the greatest common factor of 800 and 14150.
50
What is the greatest common divisor of 8272 and 880?
176
Calculate the greatest common factor of 132596 and 8.
4
What is the highest common factor of 646 and 1231922?
646
Calculate the greatest common factor of 680 and 4120.
40
Calculate the highest common divisor of 3525 and 2025.
75
Calculate the highest common factor of 920 and 1047880.
920
Calculate the greatest common factor of 2 and 187130.
2
What is the greatest common divisor of 11570 and 91?
13
Calculate the greatest common factor of 258 and 3913086.
258
What is the greatest common divisor of 38767 and 6?
1
Calculate the greatest common divisor of 1252383 and 33.
33
What is the highest common divisor of 1743704 and 3376?
1688
What is the highest common factor of 1106 and 20566?
14
What is the highest common factor of 18748 and 2494?
86
What is the greatest common factor of 1550 and 129518?
62
What is the greatest common factor of 1114794 and 72?
18
What is the greatest common divisor of 2106554 and 19294?
1754
What is the greatest common divisor of 106 and 1182059?
53
Calculate the highest common divisor of 4776 and 205766.
398
What is the highest common factor of 18480 and 92169?
231
What is the greatest common factor of 145435 and 590?
295
What is the highest common factor of 113555 and 1495?
65
What is the greatest common divisor of 119868 and 294?
42
What is the highest common factor of 17374 and 476?
238
Calculate the highest common divisor of 24 and 3342.
6
Calculate the greatest common factor of 1935 and 39.
3
What is the highest common divisor of 228697 and 518?
259
What is the highest common divisor of 1760 and 1565080?
440
Calculate the greatest common divisor of 97603 and 2945.
19
What is the highest common factor of 4237 and 1368?
19
Calculate the highest common divisor of 8261 and 88.
11
What is the greatest common factor of 95004 and 6084?
468
Calculate the greatest common factor of 223079 and 14573.
1121
Calculate the highest common divisor of 18063 and 81.
81
Calculate the greatest common divisor of 20273 and 418.
209
Calculate the highest common divisor of 149793 and 588.
147
Calculate the greatest common factor of 1 and 150419.
1
What is the greatest common factor of 18775 and 4850?
25
Calculate the highest common factor of 10600 and 753925.
1325
What is the highest common divisor of 1027 and 11613?
79
Calculate the greatest common factor of 78349 and 94.
47
What is the greatest common factor of 94188 and 2679?
141
Calculate the greatest common factor of 597 and 1161.
3
Calculate the highest common divisor of 2771844 and 48.
12
What is the greatest common divisor of 6147 and 2277?
9
Calculate the greatest common divisor of 62838 and 30.
6
Calculate the greatest common factor of 1640 and 3895.
205
Calculate the highest common divisor of 600058 and 8.
2
Calculate the greatest common divisor of 68969 and 17.
17
What is the greatest common divisor of 9504 and 1157904?
1584
What is the highest common factor of 173603 and 19?
19
What is the highest common divisor of 3041 and 